r of l and 60.
15
Suppose 498 = 8*q + 154. Calculate the greatest common divisor of q and 86.
43
Let i(z) = 3*z - 3. Let k be i(3). Let b be (k/4 - -2)*10. Calculate the greatest common factor of 14 and b.
7
Suppose -4*m + 0*m + 41 = 3*c, 81 = 4*m - 5*c. Let d = 7 + 13. Let g = -6 + d. Calculate the greatest common factor of g and m.
14
Let n be 1 + (-1)/((-1)/(-11)). Let h(m) = m**2 + 9*m - 6. Let x be h(n). Let t = 12 + x. Calculate the highest common divisor of t and 64.
16
Let h be 4*(3 + (-34)/4). Let a = h - -46. Let r(c) = -55*c + 3. Let n be r(-3). What is the highest common factor of n and a?
24
Suppose l + 8 = 4*f + 1, 30 = 2*l + 3*f. Suppose -3*x = 2*j - 105, -3*x + 21 = j - 39. Calculate the greatest common divisor of j and l.
9
Let i(x) = -10*x + 4. Let b be i(-8). Let s be ((-19)/4)/(2/8). Let m = b + s. What is the greatest common divisor of m and 26?
13
Suppose 13*x = 11*x + 60. Let i = 21 + 54. Calculate the highest common factor of i and x.
15
Let x(p) = -41*p + 1. Let h be x(-1). Let d(r) = -r**2 - 3*r + 5*r - 4 + 7*r. Let s be d(6). Calculate the greatest common factor of s and h.
14
Suppose 5*h - q - 885 = -6*q, q = h - 183. What is the greatest common divisor of h and 36?
36
Let v be 10 - 4 - (0 + 1). Suppose 0 = v*j - 4*j - 180. Calculate the highest common factor of j and 20.
20
Suppose 6*q - 340 = -4*q. Suppose -5*r - 234 = -659. What is the highest common divisor of q and r?
17
Let z = 64 + -43. Calculate the greatest common divisor of z and 147.
21
Let n(g) = -g + 57. Let m be n(0). Let a = m + -2. Calculate the highest common factor of 11 and a.
11
Let r(y) = y + 14. Let z be r(-12). Suppose 2*l - z*c - 20 = 0, -2 - 3 = -l - 4*c. What is the greatest common divisor of 9 and l?
9
Let s(u) be the first derivative of 23*u**4/4 + 2*u**3/3 - u**2/2 - 4. Let b be s(1). What is the highest common divisor of b and 60?
12
Let g(j) = j - 1. Let d = -1 - 2. Let v be g(d). Let m(f) = f**3 + 6*f**2 - 2*f. Let n be m(v). What is the greatest common divisor of n and 8?
8
Suppose 0 = n + 1 - 4. Suppose -172 = -4*q + 216. Let x = q - 64. Calculate the greatest common factor of x and n.
3
Let h be ((-8)/5)/(4/(-30)). Let a(o) = -o + 7. Let i be a(9). Let u be ((-8)/i)/(-1)*-6. What is the greatest common divisor of u and h?
12
Let o be 35*(-4)/(-12)*3. Calculate the greatest common factor of 14 and o.
7
Suppose 3*b = 8*b + 10. Let m be (-9*9)/3 - b. Let r = m + 49. What is the greatest common factor of 8 and r?
8
Suppose 3*a = 2*z + 17, 5*z + 26 = a + a. Suppose a*u + u - 28 = 0. Let s = 5 + u. Calculate the highest common divisor of 3 and s.
3
Let o(c) be the first derivative of 2 - c + 3/2*c**2. Let g be o(9). What is the highest common factor of g and 13?
13
Let b(z) = -z**2 - 2. Let h be b(0). Let i = 4 + h. Calculate the highest common divisor of i and 16.
2
Suppose -5*z = 4*l - 17, 0*l - 3 = -l. What is the highest common factor of z and 1?
1
Let q be -2 + 18 - -1 - 2. Suppose q = -2*b + 7*b. Suppose 2*l - v - 24 = b*v, 4*l = 4*v + 48. Calculate the highest common divisor of l and 108.
12
Let n = 83 + -56. Suppose n = 4*d - 5*f - 0*f, -d = 3*f - 28. Calculate the greatest common divisor of 13 and d.
13
Suppose 201 = -5*t - 54. Let w be (t/9)/((-1)/(-3)). Let j = -11 - w. Calculate the highest common factor of 30 and j.
6
Let f be -15*(-4)/3 + (2 - 4). Calculate the greatest common factor of f and 18.
18
Suppose 73 = 12*v - 35. What is the greatest common factor of 9 and v?
9
Suppose -4*o - 120 = -8*o. Calculate the greatest common divisor of 20 and o.
10
Suppose -12*s - 53 = -869. What is the greatest common divisor of s and 17?
17
Let t = -18 - -38. Let m(z) = -2*z**3 - 2*z**2 - z - 2. Let s be m(-2). Calculate the greatest common factor of s and t.
4
Let g = 3 - -1. Suppose b - x = -2*x + g, 0 = b + 5*x + 12. Suppose -8*n + b = -4*n. Calculate the greatest common factor of 20 and n.
2
Let v = -7 + 7. Suppose v = 2*j - 0*j - 48. Calculate the highest common divisor of j and 216.
24
Suppose -2*b = -5*d + 20, -2*d - b - 2*b = -8. Let l be (2 - 1) + (0 - 1). Suppose l*j - j + 2 = 0. What is the greatest common divisor of j and d?
2
Suppose -z = -4*z - 3. Let r(n) = -4*n - 4 + 3*n + 3 - 14*n**3 - n**2. Let b be r(z). Calculate the highest common factor of b and 65.
13
Let z = -81 - -99. Let j be (-3)/((-14)/8 + 1). Suppose -j*t + 9*t = 30. What is the highest common divisor of t and z?
6
Suppose -5*b - 3*x = -425, 5*x = 4*b - 202 - 175. What is the highest common divisor of 11 and b?
11
Let s(v) = v**2 + 17*v + 44. Let i be s(-14). What is the highest common divisor of 26 and i?
2
Let z(l) = -l**2 - 3*l**2 + 5 + 8*l**2 + 5*l. Let h = 18 - 22. Let i be z(h). Calculate the greatest common divisor of i and 7.
7
Suppose 23 = p + 6. Let y be (-418)/2 + (1 - 3). Let f = y + 330. What is the highest common divisor of f and p?
17
Let g(d) = d - 7. Let m be g(4). Let c = m + 3. Suppose c*n + n = 5. Calculate the greatest common divisor of n and 15.
5
Let n = -1 + 3. Let r = -3 + 6. Calculate the highest common divisor of r and n.
1
Suppose -4*c - 3*w + 17 - 3 = 0, -5*c + 2 = -4*w. Suppose -c*o + 3*r + 34 = 0, 50 = 3*o - 5*r + r. What is the greatest common divisor of o and 98?
14
Let s be 44/12 - 4/6. Suppose 3*k - 5*x + 55 = -2*k, s*k + 37 = 4*x. Let z = 5 - k. What is the highest common divisor of 6 and z?
6
Let r be -2 + 0 + (-51)/(-3). Let l = -4 + 10. Calculate the highest common factor of r and l.
3
Suppose -4*q + 2*p = -p - 49, -p = 4*q - 53. Suppose 9*h = q*h - 64. Let y be (1 + -2)*1*-4. Calculate the greatest common divisor of h and y.
4
Suppose -q + 0*j + 4*j = -28, 4*q - 22 = -2*j. What is the highest common divisor of q and 72?
8
Suppose -3*a - 252 = a. Let o be 7/(a/(-60))*6. What is the highest common factor of o and 60?
20
Let h = -16 + 58. Calculate the greatest common divisor of h and 18.
6
Let q(p) = -4*p + 9*p + 3*p**3 - 4*p**2 - 4*p**3 + 3. Let j be q(-4). Let g = 33 + j. What is the greatest common divisor of 40 and g?
8
Let o = 189 + -134. Suppose -4*c = 2*d - 29 - 19, 0 = -4*d + 3*c + 85. What is the highest common divisor of d and o?
11
Let i(c) = c**2 + 8*c + 2. Let h be i(-6). Let z be 1*-1 - (h - 4). What is the highest common factor of z and 104?
13
Suppose 0 = 2*w - 1 - 15. Let i = w + -6. Calculate the highest common factor of i and 10.
2
Suppose 0 = -3*w - m + 31 + 26, 2*m + 12 = w. Let d = 426 - 300. What is the highest common factor of w and d?
18
Let g be 116/(-2) - 0/3. Let v be g/(-6) - (-1)/3. Let q = -126 - -196. Calculate the greatest common divisor of q and v.
10
Let a(o) = o**2 + 3*o + 4. Let i be a(-6). Calculate the highest common divisor of 55 and i.
11
Suppose 6 = g + 1. Suppose -g*u = -195 - 15. Calculate the highest common divisor of 21 and u.
21
Let d = -57 + 40. Let g = 21 + d. What is the greatest common factor of 32 and g?
4
Let s(w) = w + 6. Let r be s(6). What is the greatest common factor of 6 and r?
6
Suppose -7*b = -57 - 69. Let q = 8 + -5. What is the greatest common divisor of b and q?
3
Suppose -2*m - 5 = -3*m. Suppose -m*h + 165 = 30. What is the greatest common divisor of 9 and h?
9
Let b be (88/55)/((-2)/(-35)). Let h(u) = u**2 + 5. Let n be h(0). Let c be (21*n)/(6/4). What is the greatest common factor of b and c?
14
Let k be (2 + -6 - -3)*-21. Suppose 0 = 5*o - 3*o - 2*d + 346, 4*d - 522 = 3*o. Let n be (-12)/6 - o*1. Calculate the highest common factor of n and k.
21
Let a = -69 - -131. Suppose -4*k = -18 - a. Suppose 0*o = -4*o + 16. What is the highest common divisor of k and o?
4
Let j(i) = -7*i - 15. Let k be j(-5). What is the highest common divisor of 2 and k?
2
Let c = 75 + -26. Let k = 1 - -1. Suppose 1 = -w + k*y, 0 = -3*w - y - 11 + 36. Calculate the highest common divisor of w and c.
7
Suppose -33 = 6*j - 201. Suppose 4*q - 582 = 2*n - 12, 3*q + 3*n - 405 = 0. Calculate the greatest common factor of j and q.
28
Let o = -706 + 713. Let u be 62 - (-2 - -1 - 0). Calculate the greatest common divisor of o and u.
7
Suppose -65 + 25 = -5*k. Calculate the highest common divisor of 20 and k.
4
Let v be 31/3 + 10/(-30). What is the greatest common factor of 10 and v?
10
Suppose d - 19 = 3*j + 10, -d - j = -21. Suppose 0 = r + 2*w + d - 97, -4*r = -4*w - 236. What is 